{"id":17,"date":"2016-10-31T03:37:23","date_gmt":"2016-10-31T02:37:23","guid":{"rendered":"https:\/\/lisakoechli.ch\/?page_id=17"},"modified":"2024-12-29T17:43:32","modified_gmt":"2024-12-29T16:43:32","slug":"beratung","status":"publish","type":"page","link":"https:\/\/lisakoechli.ch\/index.php\/angebot\/beratung\/","title":{"rendered":"Psychosynthese\/Psychosoziale Beratung HFP"},"content":{"rendered":"<h2>Psychosoziale Beratung auf der Grundlage der Psychosynthese<\/h2>\n<p>\u00abDas Leben ist nicht ein Problem, das wir l\u00f6sen m\u00fcssen, es ist ein Geheimnis, das wir entdecken sollen.\u00bb<br \/>\nRoberto Assagioli, Gr\u00fcnder der Psychosynthese<\/p>\n<p>Psychosynthese ist eine ganzheitliche Beratung, die den Menschen dabei unterst\u00fctzt ein tieferes Verst\u00e4ndnis f\u00fcr seine pers\u00f6nliche, transpersonale und interpersonale Natur zu entwickeln. Dabei stehen die St\u00e4rkung der pers\u00f6nlichen Ressourcen, die Entfaltung des inneren Potenzials sowie die F\u00e4higkeit, Krisen und Konflikte als Wachstumschance zu nutzen im Vordergrund.<\/p>\n<p>Der Grundgedanke der Psychosynthese besteht darin, die innere Weisheit als Wegweiser f\u00fcr die pers\u00f6nliche Lebens- und Beziehungsgestaltung zu nutzen. Dabei gilt es den eigenen Willen zu st\u00e4rken um die Lebensaufgaben mit Selbstbestimmung zu meistern und sich selbst durch Liebe und Lebensfreude zu unterst\u00fctzen. Ebenso verbindet sich mit der Psychosynthese das Ziel das angelegte Potential zu entfalten und zu dem Menschen zu werden, der im Kern des Herzens zu Hause ist.<\/p>\n<p>In der Einzelberatung biete ich Raum, um<\/p>\n<ul>\n<li>die vielschichtigen Facetten der eigenen Pers\u00f6nlichkeit zu entdecken.<\/li>\n<li>die vorhandenen Ressourcen zu erkennen und einzusetzen.<\/li>\n<li>Klarheit in einer schwierigen Lebenssituation zu gewinnen.<\/li>\n<li>die innere Mitte, als stabile Basis zu st\u00e4rken.<\/li>\n<\/ul>\n<p><strong>Vorgehensweise<br \/>\n<\/strong>Ein Erstgespr\u00e4ch dient dem gegenseitigen Kennenlernen. Dabei haben Sie die M\u00f6glichkeit, Ihre Beweggr\u00fcnde und Absichten zu erl\u00e4utern und erhalten einen Einblick in meine Arbeitsweise und die Beratungsstruktur. Nach diesem Erstgespr\u00e4ch r\u00e4ume ich ein paar Tage Bedenkzeit ein, um herauszufinden, ob und in welchem Rahmen eine gemeinsame Arbeit sinnvoll ist.<\/p>\n<p>Dauer: 60 Minuten, \u00a0Kosten Fr. 140.&#8211;<\/p>\n<p><em>* Psychosoziale Beratungen werden von der Krankenkasse nicht anerkannt.<\/em><\/p>\n","protected":false},"excerpt":{"rendered":"<p>Psychosoziale Beratung auf der Grundlage der Psychosynthese \u00abDas Leben ist nicht ein Problem, das wir l\u00f6sen m\u00fcssen, es ist ein Geheimnis, das wir entdecken sollen.\u00bb Roberto Assagioli, Gr\u00fcnder der Psychosynthese Psychosynthese ist eine ganzheitliche Beratung, die den Menschen dabei unterst\u00fctzt ein tieferes Verst\u00e4ndnis f\u00fcr seine pers\u00f6nliche, transpersonale und interpersonale Natur zu entwickeln. Dabei stehen die [&hellip;]<\/p>\n","protected":false},"author":2,"featured_media":0,"parent":7,"menu_order":0,"comment_status":"closed","ping_status":"closed","template":"","meta":{"footnotes":""},"class_list":["post-17","page","type-page","status-publish","hentry"],"yoast_head":"<!-- This site is optimized with the Yoast SEO plugin v27.5 - https:\/\/yoast.com\/product\/yoast-seo-wordpress\/ -->\n<title>Psychosynthese\/Psychosoziale Beratung HFP - Beratungspraxis Lisa K\u00f6chli Bern, Brig<\/title>\n<meta name=\"robots\" content=\"index, follow, max-snippet:-1, max-image-preview:large, max-video-preview:-1\" \/>\n<link rel=\"canonical\" href=\"https:\/\/lisakoechli.ch\/index.php\/angebot\/beratung\/\" \/>\n<meta property=\"og:locale\" content=\"de_DE\" \/>\n<meta property=\"og:type\" content=\"article\" \/>\n<meta property=\"og:title\" content=\"Psychosynthese\/Psychosoziale Beratung HFP - Beratungspraxis Lisa K\u00f6chli Bern, Brig\" \/>\n<meta property=\"og:description\" content=\"Psychosoziale Beratung auf der Grundlage der Psychosynthese \u00abDas Leben ist nicht ein Problem, das wir l\u00f6sen m\u00fcssen, es ist ein Geheimnis, das wir entdecken sollen.\u00bb Roberto Assagioli, Gr\u00fcnder der Psychosynthese Psychosynthese ist eine ganzheitliche Beratung, die den Menschen dabei unterst\u00fctzt ein tieferes Verst\u00e4ndnis f\u00fcr seine pers\u00f6nliche, transpersonale und interpersonale Natur zu entwickeln. Dabei stehen die [&hellip;]\" \/>\n<meta property=\"og:url\" content=\"https:\/\/lisakoechli.ch\/index.php\/angebot\/beratung\/\" \/>\n<meta property=\"og:site_name\" content=\"Beratungspraxis Lisa K\u00f6chli Bern, Brig\" \/>\n<meta property=\"article:modified_time\" content=\"2024-12-29T16:43:32+00:00\" \/>\n<meta name=\"twitter:card\" content=\"summary_large_image\" \/>\n<meta name=\"twitter:label1\" content=\"Gesch\u00e4tzte Lesezeit\" \/>\n\t<meta name=\"twitter:data1\" content=\"2\u00a0Minuten\" \/>\n<script type=\"application\/ld+json\" class=\"yoast-schema-graph\">{\"@context\":\"https:\\\/\\\/schema.org\",\"@graph\":[{\"@type\":\"WebPage\",\"@id\":\"https:\\\/\\\/lisakoechli.ch\\\/index.php\\\/angebot\\\/beratung\\\/\",\"url\":\"https:\\\/\\\/lisakoechli.ch\\\/index.php\\\/angebot\\\/beratung\\\/\",\"name\":\"Psychosynthese\\\/Psychosoziale Beratung HFP - Beratungspraxis Lisa K\u00f6chli Bern, Brig\",\"isPartOf\":{\"@id\":\"https:\\\/\\\/lisakoechli.ch\\\/#website\"},\"datePublished\":\"2016-10-31T02:37:23+00:00\",\"dateModified\":\"2024-12-29T16:43:32+00:00\",\"breadcrumb\":{\"@id\":\"https:\\\/\\\/lisakoechli.ch\\\/index.php\\\/angebot\\\/beratung\\\/#breadcrumb\"},\"inLanguage\":\"de\",\"potentialAction\":[{\"@type\":\"ReadAction\",\"target\":[\"https:\\\/\\\/lisakoechli.ch\\\/index.php\\\/angebot\\\/beratung\\\/\"]}]},{\"@type\":\"BreadcrumbList\",\"@id\":\"https:\\\/\\\/lisakoechli.ch\\\/index.php\\\/angebot\\\/beratung\\\/#breadcrumb\",\"itemListElement\":[{\"@type\":\"ListItem\",\"position\":1,\"name\":\"Startseite\",\"item\":\"https:\\\/\\\/lisakoechli.ch\\\/\"},{\"@type\":\"ListItem\",\"position\":2,\"name\":\"Angebot\",\"item\":\"https:\\\/\\\/lisakoechli.ch\\\/index.php\\\/angebot\\\/\"},{\"@type\":\"ListItem\",\"position\":3,\"name\":\"Psychosynthese\\\/Psychosoziale Beratung HFP\"}]},{\"@type\":\"WebSite\",\"@id\":\"https:\\\/\\\/lisakoechli.ch\\\/#website\",\"url\":\"https:\\\/\\\/lisakoechli.ch\\\/\",\"name\":\"Beratungspraxis Lisa K\u00f6chli Bern, Brig\",\"description\":\"Psychosoziale Beratung \\\/ psychologische Astrologie\",\"potentialAction\":[{\"@type\":\"SearchAction\",\"target\":{\"@type\":\"EntryPoint\",\"urlTemplate\":\"https:\\\/\\\/lisakoechli.ch\\\/?s={search_term_string}\"},\"query-input\":{\"@type\":\"PropertyValueSpecification\",\"valueRequired\":true,\"valueName\":\"search_term_string\"}}],\"inLanguage\":\"de\"}]}<\/script>\n<!-- \/ Yoast SEO plugin. -->","yoast_head_json":{"title":"Psychosynthese\/Psychosoziale Beratung HFP - Beratungspraxis Lisa K\u00f6chli Bern, Brig","robots":{"index":"index","follow":"follow","max-snippet":"max-snippet:-1","max-image-preview":"max-image-preview:large","max-video-preview":"max-video-preview:-1"},"canonical":"https:\/\/lisakoechli.ch\/index.php\/angebot\/beratung\/","og_locale":"de_DE","og_type":"article","og_title":"Psychosynthese\/Psychosoziale Beratung HFP - Beratungspraxis Lisa K\u00f6chli Bern, Brig","og_description":"Psychosoziale Beratung auf der Grundlage der Psychosynthese \u00abDas Leben ist nicht ein Problem, das wir l\u00f6sen m\u00fcssen, es ist ein Geheimnis, das wir entdecken sollen.\u00bb Roberto Assagioli, Gr\u00fcnder der Psychosynthese Psychosynthese ist eine ganzheitliche Beratung, die den Menschen dabei unterst\u00fctzt ein tieferes Verst\u00e4ndnis f\u00fcr seine pers\u00f6nliche, transpersonale und interpersonale Natur zu entwickeln. Dabei stehen die [&hellip;]","og_url":"https:\/\/lisakoechli.ch\/index.php\/angebot\/beratung\/","og_site_name":"Beratungspraxis Lisa K\u00f6chli Bern, Brig","article_modified_time":"2024-12-29T16:43:32+00:00","twitter_card":"summary_large_image","twitter_misc":{"Gesch\u00e4tzte Lesezeit":"2\u00a0Minuten"},"schema":{"@context":"https:\/\/schema.org","@graph":[{"@type":"WebPage","@id":"https:\/\/lisakoechli.ch\/index.php\/angebot\/beratung\/","url":"https:\/\/lisakoechli.ch\/index.php\/angebot\/beratung\/","name":"Psychosynthese\/Psychosoziale Beratung HFP - Beratungspraxis Lisa K\u00f6chli Bern, Brig","isPartOf":{"@id":"https:\/\/lisakoechli.ch\/#website"},"datePublished":"2016-10-31T02:37:23+00:00","dateModified":"2024-12-29T16:43:32+00:00","breadcrumb":{"@id":"https:\/\/lisakoechli.ch\/index.php\/angebot\/beratung\/#breadcrumb"},"inLanguage":"de","potentialAction":[{"@type":"ReadAction","target":["https:\/\/lisakoechli.ch\/index.php\/angebot\/beratung\/"]}]},{"@type":"BreadcrumbList","@id":"https:\/\/lisakoechli.ch\/index.php\/angebot\/beratung\/#breadcrumb","itemListElement":[{"@type":"ListItem","position":1,"name":"Startseite","item":"https:\/\/lisakoechli.ch\/"},{"@type":"ListItem","position":2,"name":"Angebot","item":"https:\/\/lisakoechli.ch\/index.php\/angebot\/"},{"@type":"ListItem","position":3,"name":"Psychosynthese\/Psychosoziale Beratung HFP"}]},{"@type":"WebSite","@id":"https:\/\/lisakoechli.ch\/#website","url":"https:\/\/lisakoechli.ch\/","name":"Beratungspraxis Lisa K\u00f6chli Bern, Brig","description":"Psychosoziale Beratung \/ psychologische Astrologie","potentialAction":[{"@type":"SearchAction","target":{"@type":"EntryPoint","urlTemplate":"https:\/\/lisakoechli.ch\/?s={search_term_string}"},"query-input":{"@type":"PropertyValueSpecification","valueRequired":true,"valueName":"search_term_string"}}],"inLanguage":"de"}]}},"_links":{"self":[{"href":"https:\/\/lisakoechli.ch\/index.php\/wp-json\/wp\/v2\/pages\/17","targetHints":{"allow":["GET"]}}],"collection":[{"href":"https:\/\/lisakoechli.ch\/index.php\/wp-json\/wp\/v2\/pages"}],"about":[{"href":"https:\/\/lisakoechli.ch\/index.php\/wp-json\/wp\/v2\/types\/page"}],"author":[{"embeddable":true,"href":"https:\/\/lisakoechli.ch\/index.php\/wp-json\/wp\/v2\/users\/2"}],"replies":[{"embeddable":true,"href":"https:\/\/lisakoechli.ch\/index.php\/wp-json\/wp\/v2\/comments?post=17"}],"version-history":[{"count":23,"href":"https:\/\/lisakoechli.ch\/index.php\/wp-json\/wp\/v2\/pages\/17\/revisions"}],"predecessor-version":[{"id":365,"href":"https:\/\/lisakoechli.ch\/index.php\/wp-json\/wp\/v2\/pages\/17\/revisions\/365"}],"up":[{"embeddable":true,"href":"https:\/\/lisakoechli.ch\/index.php\/wp-json\/wp\/v2\/pages\/7"}],"wp:attachment":[{"href":"https:\/\/lisakoechli.ch\/index.php\/wp-json\/wp\/v2\/media?parent=17"}],"curies":[{"name":"wp","href":"https:\/\/api.w.org\/{rel}","templated":true}]}}